{"id":74,"date":"2016-03-11T12:33:36","date_gmt":"2016-03-11T11:33:36","guid":{"rendered":"http:\/\/www.aufkleber-druck-profi.de\/?page_id=74"},"modified":"2016-09-05T08:54:26","modified_gmt":"2016-09-05T06:54:26","slug":"holz","status":"publish","type":"page","link":"http:\/\/www.bauschild-profi.de\/?page_id=74","title":{"rendered":"Holz"},"content":{"rendered":"<div class=\"page\" title=\"Page 3\">\n<div class=\"layoutArea\">\n<div class=\"column\">\n<p>Die h\u00e4ufigste Art einer Unterkonstruktionen f\u00fcr Schilder ist die aus Holz. Holz ist preisg\u00fcnstig in den unterschiedlichsten L\u00e4ngen und St\u00e4rken lieferbar. Es kann schnell und individuell f\u00fcr die verschiedenen Schildergr\u00f6\u00dfen zugeschnitten werden. Je nach Einsatzdauer bleibt es unbe- handelt oder wird gegen Witterungseinfl\u00fcsse durch eine Lackierung gesch\u00fctzt. H\u00f6lzer, die mit einer Kesseldruckimpr\u00e4gnierung versehen wur- den, sind besonders witterungsbest\u00e4ndig und lange haltbar, was im Au\u00dfenbereich sehr wichtig ist.<br \/>\nDiese H\u00f6lzer k\u00f6nnen zus\u00e4tzlich mit einer farbigen Lackierung versehen werden.<\/p>\n<p>Alle Holz-Unterkonstruktionen eignen sich grunds\u00e4tzlich f\u00fcr alle Schildgr\u00f6\u00dfen und Varianten.<\/p>\n<\/div>\n<\/div>\n<\/div>\n","protected":false},"excerpt":{"rendered":"<p>Die h\u00e4ufigste Art einer Unterkonstruktionen f\u00fcr Schilder ist die aus Holz. Holz ist preisg\u00fcnstig in den unterschiedlichsten L\u00e4ngen und St\u00e4rken<\/p>\n","protected":false},"author":1,"featured_media":0,"parent":0,"menu_order":0,"comment_status":"closed","ping_status":"closed","template":"","meta":{"footnotes":""},"class_list":["post-74","page","type-page","status-publish","hentry"],"_links":{"self":[{"href":"http:\/\/www.bauschild-profi.de\/index.php?rest_route=\/wp\/v2\/pages\/74","targetHints":{"allow":["GET"]}}],"collection":[{"href":"http:\/\/www.bauschild-profi.de\/index.php?rest_route=\/wp\/v2\/pages"}],"about":[{"href":"http:\/\/www.bauschild-profi.de\/index.php?rest_route=\/wp\/v2\/types\/page"}],"author":[{"embeddable":true,"href":"http:\/\/www.bauschild-profi.de\/index.php?rest_route=\/wp\/v2\/users\/1"}],"replies":[{"embeddable":true,"href":"http:\/\/www.bauschild-profi.de\/index.php?rest_route=%2Fwp%2Fv2%2Fcomments&post=74"}],"version-history":[{"count":5,"href":"http:\/\/www.bauschild-profi.de\/index.php?rest_route=\/wp\/v2\/pages\/74\/revisions"}],"predecessor-version":[{"id":416,"href":"http:\/\/www.bauschild-profi.de\/index.php?rest_route=\/wp\/v2\/pages\/74\/revisions\/416"}],"wp:attachment":[{"href":"http:\/\/www.bauschild-profi.de\/index.php?rest_route=%2Fwp%2Fv2%2Fmedia&parent=74"}],"curies":[{"name":"wp","href":"https:\/\/api.w.org\/{rel}","templated":true}]}}